.
4
Let q(m) be the second derivative of -m**5/20 + 5*m**4/3 + 22*m**3/3 + 8*m**2 - 26*m - 96. What is q(22)?
16
Let t(a) be the third derivative of a**6/120 + a**5/6 - a**4/24 - 5*a**3/2 + 3*a**2 + 14. Calculate t(-10).
-5
Let r(i) = -2*i**2 - 12*i + 33. Let s be r(-8). Let p(g) = 27*g**2 + g. Give p(s).
28
Let h(j) = 7*j**2 + 26*j + 2437. Let t(l) = 2*l**2 + 9*l + 860. Let a(c) = 6*h(c) - 17*t(c). Determine a(-2).
28
Let s(r) = -r**3 + 8*r**2 - 7*r - 6. Suppose -4*w = 2*y - 20, -w - 5 = -4*y - 28. What is s(w)?
-6
Let n(j) = -2*j**3. Let f(v) = 9*v**3 - 9*v**2 + 9*v + 1. Suppose -29*o + 0*o + 29 = 0. Let q(s) = o*f(s) + 4*n(s). What is q(8)?
9
Let k(z) = -3*z - 7*z**2 + z - 7*z**2 - 3 - 3*z**2 + 22*z**2 + z**3. Let v = -6 + 1. Calculate k(v).
7
Let m(f) be the third derivative of 7*f**4/24 + 197*f**3/6 + 6298*f**2. What is m(-23)?
36
Let t(d) = 9*d**3 - 25*d**2 - 7*d + 1. Let l be t(3). Let m(p) = 15*p + 23. Determine m(l).
-7
Let u be (-3)/((-2)/(-8)*2). Let x(w) be the third derivative of w**4/24 + 4*w**3/3 - 7527*w**2. Calculate x(u).
2
Let p be (-6 + 7)/((-8)/10 - -1). Let r(g) = 430*g**2 - 5*g + p - 431*g**2 - 12. What is r(-5)?
-7
Let a(z) = -7*z - 40. Suppose 72 = 9656*t - 9665*t. Calculate a(t).
16
Let p be (-19)/513*-6 + 4/9. Let t(c) be the second derivative of 0 + 0*c**4 + 14*c - 1/20*c**5 - 3/2*c**2 + p*c**3. Determine t(2).
-3
Let t(a) = -a**3 + 11*a**2 + 14*a - 17. Let k = -25 - -3. Let i be 147/12 - k/(-88). Calculate t(i).
7
Let p(y) = y**2 + 4*y + 3. Let s(j) = -j**2 + j. Let z(v) = 4*v**2 - v - 6. Let o(i) = 5*s(i) + z(i). Let t be o(3). Calculate p(t).
0
Let w = -6 - -18. Let u = -13 + w. Let j(b) be the third derivative of -b**5/60 - b**4/24 - b**3/6 - 149*b**2. Calculate j(u).
-1
Let b(z) be the first derivative of z**2/2 - 3*z + 1. Suppose -41 = -3*d - 4*h, 3*d - 5*h = -60 + 56. Determine b(d).
4
Let q(u) = -15 - 52*u**2 + 2173*u**3 - 7*u + 48*u**2 - 2175*u**3. What is q(-4)?
77
Let t(r) be the first derivative of -5*r**4/24 + r**3/2 + 21*r**2/2 - 2*r + 4. Let p(x) be the second derivative of t(x). What is p(2)?
-7
Let g = 254 + -264. Let r(p) = p**2 + 14*p + 23. What is r(g)?
-17
Let u be ((0/(-13))/(1 - 0))/1. Suppose 9*r - 4 - 23 = u. Let i(j) be the third derivative of -j**6/60 + j**5/15 - j**4/24 + j**3/2 - 3*j**2. Give i(r).
-18
Let z be (-7590)/(-24035)*76/(-6). Let f(k) be the second derivative of -k**5/20 - 5*k**4/12 - 2*k**3/3 - 2*k**2 - 2*k. What is f(z)?
-4
Let f(y) be the second derivative of 0 - y**2 + 1/6*y**3 - 2*y. Let t(q) = q**2 - 149*q + 3391. Let w be t(28). Give f(w).
1
Let p(f) be the first derivative of f**4/4 + f**2/2 - 30*f - 337. Give p(3).
0
Let m(u) be the first derivative of u**3 + 16*u**2 + 81*u - 5421. Calculate m(-7).
4
Let w(q) = -q**3 + 4*q**2 - 5*q + 5. Suppose 35*s = 21*s + 84. Let o be -1*s*12/(-18). Determine w(o).
-15
Let b(p) = 6*p**2 + 6*p**2 - 16*p + 18*p - 16*p**2 - 3 + 3*p**2. Give b(2).
-3
Suppose -20 = -2*n - v, -8*v + 5*v = -5*n + 28. Let j be -12*(26/n)/(-13). Let y(m) = -2*m + 6. Calculate y(j).
0
Suppose 19 - 73 = -12*q - 18. Let a(w) = 7*w - 47. Give a(q).
-26
Let c(l) = l**2 - 19*l - 20. Let y be c(20). Let f(j) = 5*j**2 - 3*j + 9. Let v(t) = -9*t**2 + 5*t - 19. Let g(u) = -7*f(u) - 4*v(u). Calculate g(y).
13
Let h(w) = 0*w**2 + 50*w - 24*w + 4*w**2 - 4*w + 5 - 25*w. Calculate h(3).
32
Let f(z) = -3*z**2 - 10*z. Let b(r) = -12*r - 8*r**2 + 4*r - 11*r**2 + 16*r**2. Let o(s) = -4*b(s) + 3*f(s). Calculate o(2).
16
Let n(g) = 7*g**2 - 16*g - 60. Let t be n(-2). Let h(d) = -d**2 + d + 23. Give h(t).
23
Let z = 1342 - 1338. Let g(i) = -7*i + 23. Give g(z).
-5
Let w(p) = 7*p**2 + 11*p + 8. Let m(z) = 15*z**2 + 24*z + 17. Let h = -296 + 290. Let d(t) = h*m(t) + 13*w(t). Determine d(-5).
32
Let s(x) be the third derivative of x**5/60 - 13*x**4/24 - 7*x**3/3 - 754*x**2. Calculate s(18).
76
Let r(n) = -4*n**2 + 64*n - 17. Let w = 18086 + -18070. Calculate r(w).
-17
Let p(s) = -s**2 - 14*s - 51. Let u(x) = -x**3 - 9*x**2 + 44*x + 91. Let n be u(-12). What is p(n)?
-6
Let f(y) = 2*y**2 - 50*y - 11. Let d(r) = -3*r**2 + 49*r + 9. Let s(a) = 5*d(a) + 6*f(a). Determine s(-18).
-3
Let c(y) be the second derivative of 7*y**3/6 - 9*y**2/2 - 102*y. Determine c(4).
19
Let t(r) be the first derivative of r**4/4 + 4*r**3/3 - 9*r + 595. Determine t(-4).
-9
Let l be 12 + (-10)/(-6) + (-875)/75. Let w(i) be the third derivative of -1/24*i**4 - 29*i**l + 5/6*i**3 + 0*i + 0. Give w(6).
-1
Let q(h) = -5 + 5 + 4 - 6 + 2*h. Let s be ((-20)/(-8))/(5/4). Suppose s*b + 0 = -6. Give q(b).
-8
Let a(n) = 30 + 10 - 3 - 15*n + 10 - n**2. Let h be a(-18). Let s(d) = d**2 + 6*d - 8. Determine s(h).
-1
Let t(o) be the third derivative of o**5/12 - 3*o**4/8 + 5*o**3/6 + 2875*o**2. What is t(4)?
49
Suppose y - 232 + 239 = 5*g, 4*y = -5*g + 22. Let j(d) = 2*d**2 + 7*d - 13. What is j(g)?
9
Let k(z) = 5*z**3 - 8*z**2 + 19*z - 5. Let n(q) = q**3 + q + 2. Let x(h) = -k(h) + 4*n(h). Give x(6).
-5
Let v(h) = 2*h**3 - 7*h**2 + 2*h + 15. Let f = -17185 + 17190. Calculate v(f).
100
Let x(d) = 13*d - 3. Let s(a) = 9*a - 2. Let b(f) = -7*s(f) + 5*x(f). Suppose -6 = 2*r - 4*r. Calculate b(r).
5
Let l(u) be the first derivative of 0*u + 1/2*u**3 + 1/4*u**4 + 1/60*u**5 + 8*u**2 - 33. Let q(x) be the second derivative of l(x). What is q(-4)?
-5
Suppose 4*s = 4*v - 28, 3*v + 8 + 83 = -5*s. Let o(b) = -5*b - 30. Calculate o(s).
40
Let k = -2281 - -2286. Let t(c) be the second derivative of -2/3*c**3 + 1/12*c**4 + 2*c**2 + 2*c + 0. Calculate t(k).
9
Let j be -3 + 3 + 3 - -2. Let g(f) = 0*f**3 + 2*f + 4*f + f**3 + j*f**2. Suppose l + 7 = -3*m, m - 4*m + l - 17 = 0. Give g(m).
-8
Suppose -27*t = -120 - 15. Let w(b) = -5*b + 27. Give w(t).
2
Let k(v) = -v**3 + 4*v**2 + 3*v + 4. Let m = 273 - 253. Suppose -4*o + x + m = 0, 5*o = -21*x + 16*x + 25. What is k(o)?
-6
Let r(t) = 4*t**2 - t. Let q be ((-46)/(-14) - 3) + (558/(-42) - -14). Determine r(q).
3
Suppose -4*g + 4*n - 165 = -13, -3*g - 134 = 2*n. Let o(v) = -3*v**3 - 126*v**2 + 3*v + 122. Give o(g).
-4
Suppose 306 - 318 = -6*r. Let i(k) = 10*k**3 + 2*k**2 - 4*k + 2. Calculate i(r).
82
Let t(h) = 9*h**2 - 80*h - 15. Let f(u) = 10*u**2 - 89*u - 12. Let b(w) = -8*f(w) + 9*t(w). What is b(10)?
-19
Let c(x) be the first derivative of -x**4/4 - 8*x**3/3 + 2*x + 22. Let d be (-348)/42 - (-14)/49. Calculate c(d).
2
Let g(v) = 42*v + 1. Let c = 1680 - 1678. What is g(c)?
85
Let d(x) be the first derivative of 4 - 1/8*x**4 + 17/3*x**3 + 0*x - 1/120*x**5 + 0*x**2. Let n(c) be the third derivative of d(c). Give n(-4).
1
Suppose -18*s = -55 - 179. Suppose 20 = 4*w - c, 24 = -s*w + 15*w - 4*c. Let k(n) = -6*n + 1. Let l(y) = y. Let b(v) = k(v) + 4*l(v). Calculate b(w).
-7
Let w(u) = -7*u + 9. Let q(a) = 11. Let s(p) = -6*q(p) + 3*w(p). Determine s(-2).
3
Let n = 2691 + -2681. Let l(f) = f**2 - 13*f - 1. What is l(n)?
-31
Let q be (-15)/120 - (-147)/24. Let x be 5/q + 196/24. Let a(n) = -3*n + 13. What is a(x)?
-14
Let z(d) = d**3 + 69*d**2 + 141*d + 465. Let x be z(-67). Let b(i) = -i + 1. Calculate b(x).
5
Let a(o) be the first derivative of o**3/6 - 11*o - 1. Let l(i) be the first derivative of a(i). Let b = -739 - -738. Calculate l(b).
-1
Suppose -2528 = -193*u + 174. Let z(d) = d**3 - 15*d**2 + 11*d - 3. What is z(u)?
-45
Let i be (-26)/2 + 239 + -224. Let u(x) be the first derivative of -7 - 2/3*x**3 - i*x**2 + 1/4*x**4 + 0*x. Calculate u(3).
-3
Let u(z) = -z**3 + 6*z**2 - 6*z + 6. Let q = 38 + -23. Suppose 3*s = q, -6*s = -5*l - 2*s + 5. What is u(l)?
1
Let c(x) be the first derivative of -7*x**2/2 + 89*x - 251. Give c(14).
-9
Let w be ((-2)/(-4))/((78/324)/13). Let n be (-180)/28 + w/63. Let g(r) be the first derivative of -2*r**2 + 5*r - 5. Give g(n).
29
Let b(z) be the first derivative of -2*z**3 - 3 + 3/2*z**2 - 6*z. Let j(w) = -17*w**2 + 8*w - 17. Let f(n) = -11*b(n) + 4*j(n). What is f(-2)?
-8
Let u(q) = 6 - 5*q + 2*q - 17 + 3*q - q. Give u(5).
-16
Let c = 3108 + -3099. Let u(d) = -3*d - 1. What is u(c)?
-28
Let o be 42/38 + 28/(-266) + 120. Let j(s) = 226 + s**2 - 112 - o - 6*s. Calculate j(5).
-12
Let i(w) = w**3 - 10*w**2 + 4. Let x be 2/(-4)*-22*1. Suppose 98 = -31*b + 67. Let m = x + b. Give i(m).
4
Let h(r) = r**2 - 8*r - 26. Suppose 16*n + 31 - 191 = 0. Determine h(n).